 0 + -1 + 1 + 1.
1
Calculate 3 - -4 - 5 - (-3 - -3).
2
Calculate -15 - -8 - -4 - -1.
-2
Evaluate 1 - -3 - (-23 + 24).
3
-13 + (12 + 3 - 2)
0
What is 0 + (4 - (-5 + 10)) + 5?
4
1 + -1 - 2 - 0
-2
What is the value of 0 + -4 + (-3 - -3)?
-4
-10 + (-1 - (2 + -9))
-4
What is -2 + 7 - (-2 - (-5 - -1))?
3
What is the value of 4 + 1 + 0 + -2 + 2?
5
Evaluate 1 + (3 + 1 + -4 - 6).
-5
Calculate (-3 - -3) + 1 + (1 - 6).
-4
Evaluate -10 + 0 - (-3 - (0 - -3)).
-4
Evaluate 4 - (2 - (0 - 0)).
2
3 + (1 - (0 + (3 - 3)))
4
6 + 1 - (-35 + 40)
2
Evaluate (2 - (-3 - -7)) + 1 - 4.
-5
Calculate 0 + (-4 - 0 - (-5 - -4)).
-3
What is the value of (-55 - -48) + (0 + -1 - 1)?
-9
What is the value of (-16 - (5 + -16)) + -1?
-6
(-6 - -7 - -1) + -4
-2
0 + (5 - -5) + -5
5
Calculate 9 - (-7 + 10) - (-1 + 2).
5
Calculate 4 + 4 + (-4 - 1) + 0.
3
What is the value of -1 - (-2 - -1) - -4?
4
What is -21 + 1 + 3 - -9?
-8
What is 6 + (-4 - -1) + -7 + -1?
-5
What is -6 + 0 + 11 - (2 + -1)?
4
Evaluate (-5 - -8 - -5) + -6.
2
Evaluate (3 - 0) + (-3 - (3 + -5)).
2
-3 - (7 - 4) - (-7 + 10)
-9
What is 1 + 4 + (-4 - -2) + -3?
0
-8 - -4 - (-1 + -8 - -4)
1
What is (-1 - -1) + (88 - 95)?
-7
8 + (0 - 4 - 0)
4
What is -3 - (7 + -13) - 4?
-1
Evaluate -4 - (-4 - -2) - (-1 + 5).
-6
Evaluate 2 + (0 + (11 - 8) - 6).
-1
Evaluate (-3 - -1) + 32 + -25.
5
What is the value of (5 - 7) + 3 + -1?
0
What is 0 + -3 + 10 - 4?
3
What is -44 - -36 - ((-4 - -2) + -3)?
-3
What is the value of (1 - 0) + 1 + 0 - -1?
3
Evaluate 5 - (4 + 6 + -7).
2
What is the value of (0 - 2) + (-1 - 4 - -3)?
-4
What is the value of -12 + 5 + (3 - 2) - -3?
-3
Evaluate -2 + 2 + 1 - 9.
-8
Evaluate (3 - (14 + -8)) + -1.
-4
Calculate 0 - (1 + (2 - 5) + -3).
5
Evaluate (-12 - (-6 - 3)) + -5.
-8
What is 3 + -7 + (0 - -16) + -7?
5
What is -4 + (23 - (8 - 3)) + -7?
7
Calculate (0 - 0) + (-103 - -111).
8
What is 3 + -5 + (-3 - (-4 - 8))?
7
What is the value of -1 - (11 - 6 - -1) - 0?
-7
Calculate (-5 - 1) + (26 - (9 - -8)).
3
Evaluate 11 + -18 - -2 - -9.
4
What is 5 + (-6 + 8 - 4) - 6?
-3
What is -4 + (2 - (8 + -5)) + 0?
-5
What is the value of -5 + (-4 - (-6 - 2)) + 3?
2
What is the value of 2 - (-4 + (10 - 6) + 7)?
-5
What is 8 + 1 + (-2 - -4) + -6?
5
Calculate -1 + 6 + -6 + -5 - -10.
4
What is (10 - 2) + 2 - 6?
4
What is the value of -60 - -56 - (-1 - 14)?
11
-5 + 0 + -3 - -9
1
What is the value of 3 - (-2 + 0 + 4 + 6)?
-5
What is 6 - 0 - (-2 - (-3 - -2))?
7
What is the value of -6 - (5 - 8) - -1?
-2
What is -4 + 13 - (8 + -3)?
4
-19 - -9 - -17 - 13
-6
What is the value of -3 + 3 + 1 + (-6 - 0)?
-5
What is -7 - (8 + -10 - (6 - 2))?
-1
Evaluate -2 - -3 - 0 - 0.
1
Evaluate -1 + 0 + (1 - 3) + 1.
-2
Calculate -8 - (3 + -2) - (-3 - 1).
-5
What is -8 + 1 + 7 + -2 + -2?
-4
Evaluate (-1 + 0 - -2) + 1 + -2.
0
(-2 + 4 - 4) + 1
-1
What is the value of 0 - (4 + (4 + -4 - -1))?
-5
Evaluate (-29 - -32) + (-6 + 1 - 2).
-4
What is 2 + -5 + 2 + 0?
-1
Calculate -3 - 0 - ((-2 - 4) + 7).
-4
What is (-5 - -5) + (0 - 0)?
0
Evaluate -3 + 4 + -1 - 5.
-5
What is the value of 11 - (-15 + 11 + 11)?
4
What is the value of 2 + 3 + -2 + 2?
5
Evaluate -4 - (-4 + 1 + 3).
-4
What is -17 - -21 - (5 - 11)?
10
Calculate (38 - 40) + (7 - 2) + 0.
3
Evaluate 1 - (3 - ((2 - 0) + -1)).
-1
Evaluate 4 + -8 - -4 - 3.
-3
Calculate 5 + 0 + -6 + -4.
-5
Evaluate -3 - 1 - -12 - 7 - -2.
3
(0 - ((-2 - -6) + 0)) + 2
-2
Evaluate 5 + -22 + 2 + 11.
-4
Evaluate 10 + -6 + (-5 - (2 + -6)).
3
Calculate (-8 - -4) + (36 - 21).
11
Evaluate -3 - (-1 - -1) - (-3 - -4).
-4
Evaluate (1 - -1 - -2) + -5.
-1
Evaluate (2 - 0) + -5 + 22 + -26.
-7
(-4 - -5 - (5 - 1)) + 2
-1
8 + (-6 - 14) - -14
2
What is the value of (-6 - ((-9 - -7) + 4)) + 2?
-6
0 + 2 + 35 + -33
4
Calculate (12 - 9) + -1 + -3.
-1
Evaluate 5 + -3 + 0 + 1.
3
What is the value of -2 + 5 + -19 + (3 - -9)?
-4
What is the value of 5 - (-1 + 5 + 0 - 1)?
2
Evaluate -4 - (-1 - (2 + 5)).
4
-11 + -3 + 21 + -5
2
Calculate -72 + 78 - (1 + -1).
6
What is the value of (-4 - 2) + 11 - 2?
3
Evaluate -7 - (-6 + (-1 - -7 - 5)).
-2
Evaluate -6 - (-3 - (9 - 6 - 8)).
-8
Calculate -4 + (-1 - 1) - (-5 - -5).
-6
What is the value of 1 + 6 + -8 + 1?
0
What is the value of -3 + 7 + (-3 - -4) + -1?
4
What is -27 + 29 + (8 - (2 - 3))?
11
What is (31 - 17) + (-9 - -1)?
6
14 + -9 - (-7 + 10)
2
Evaluate -4 - -8 - -2 - (-7 + 8).
5
What is the value of 0 - ((-3 - -2) + -5 + 3)?
3
(7 - (-5 + 8)) + -7
-3
What is 0 + (-1 - 0) + 3?
2
Calculate 20 + -7 + -4 + -3.
6
Evaluate (5 + -2 + -6 - 1) + 1.
-3
What is -1 + (-10 - -5) + 7 + 0?
1
What is 8 + -18 + -8 + 9?
-9
What is 1 + -5 + (-6 - (0 + -5))?
-5
1 + -4 - -1 - (16 - 17)
-1
What is (11 - 9) + (7 - 1) + -14?
-6
What is the value of 61 - 66 - (0 + -12)?
7
What is 3 - (1 - -6) - (-3 - 0)?
-1
What is the value of 0 - (0 + 1) - (-7 - -10)?
-4
What is the value of -10 + 12 - (1 - 1)?
2
Calculate 0 - -6 - (7 + -5 + 2).
2
What is -3 + 1 - (0 - 5 - -5)?
-2
What is -1 - -4 - (2 + -4 - -1)?
4
What is -2 - (2 + 1 + -1)?
-4
Evaluate (90 - 92) + (9 - -1).
8
What is the value of -1 + (-3 - (-1 + 0))?
-3
Evaluate 6 + -5 + 4 - (1 + 0).
4
What is the value of (-6 + 4 - -15) + -6?
7
Calculate (-10 - -12) + 1 + (-1 - 0).
2
What is 0 + -2 + 4 + -6?
-4
(0 - -1 - 2) + 12 + -11
0
Calculate -13 + (4 - (13 + -13)).
-9
What is the value of -4 - (-6 + -2 + 3 + -3)?
4
Evaluate 1 - 6 - (6 - 6) - 1.
-6
What is the value of (-31 - -29) + (5 - -1)?
4
Calculate -8 - (-8 + 6) - -8.
2
Evaluate 0 + (-5 - (-8 + -3)).
6
What is the value of 8 - (0 + 8 + -5)?
5
What is the value of 1 - (-4 - 2 - -3)?
4
8 + -5 + 2 + -2
3
What is -14 + -3 - -10 - -11?
4
What is 5 + (5 - (-10 - -6)) + -8?
6
-18 + 17 - (-2 - (2 - 4))
-1
Calculate (5 - -1 - 3) + 1 + 1.
5
What is 1 + -2 + 2 - -2?
3
Calculate 5 - -1 - -1 - 5.
2
What is the value of (2 - -1) + -7 + 3 + 5?
4
Evaluate (4 - 9) + 6 + -3.
-2
What is the value of (-2 - 6) + 2 + -3?
-9
Evaluate (4 - -6 - -1) + -3.
8
What is (-3 - -2) + 4 + -7?
-4
-1 + -6 + (-2 - (-6 + 3))
-6
What is the value of (46 - 43) + 0 + 2?
5
Evaluate (2 - 0) + -1 + -1 + -4.
-4
What is the value of 12 - (6 + (8 - 6))?
4
Evaluate -3 - (3 + (-4 - (3 - 1))).
0
What is the value of 3 + -4 + 0 + -3?
-4
-5 - (-3 + 2 - (1 + -1))
-4
4 - (8 - (4 + (7 - 3)))
4
What is (-1 - 0 - 2) + (1 - -3)?
1
(-2 - -1) + 2 - (85 - 92)
8
Evaluate 0 - (1 - 7 - (3 - 4)).
5
Calculate (-2 - (-13 - -6)) + (0 - 1).
4
What is the value of -10 + 10 + -8 + 5?
-3
What is (22 - 8) + (10 - 22)?
2
-12 + -6 + 6 - -7
-5
Evaluate -13 + (0 - (3 - -4 - 12)).
-8
(-2 - (-8 + 10)) + -1
-5
-7 + -1 + -4 + 7 + 2
-3
What is 5 + -1 - (0 + 4 + -6)?
6
What is the value of 2 - 7 - (-5 + 1 + 3)?
-4
What is 6 - (8 - 3 - (-3 - -8))?
6
What is -3 + 3 - (2 + (-2 - -2))?
-2
Calculate (7 + -4 - -3) + -3.
3
What is the value of 3 - (-5 + -1 + 11)?
-2
Calculate -7 + -3 + 8 + -5.
-7
(-2 - 0) + 37 + -35
0
What is the value of -4 - (-7 - (-8 - -2))?
-3
What is the value of -4 + 0 + 3 + 0 + -1?
-2
What is the value of -4 - -4 - (-5 + 8 + -4)?
1
0 + (5 - -1) + (-1 - 0)
5
Evaluate (2 - 5 - (-26 - -28)) + 2.
-3
What is -4 + (1 - (4 + (-5 - -5)))?
-7
What is 0 - (2 - (-1 + 6 - 3))?
0
Evaluate 0 + 7 + (1 - (5 - 1)).
4
Evaluate (-1 - 1) + (-1 - (1 + -3)).
-1
What is the value of 1 - -2 - (2 + 3 - -1)?
-3
What is the value of (5 - 0) + -6 + -4?
-5
What is (-21 + 12 - -9) + (0 - -2)?
2
What is the value of 8 - (-8 + (21 - 1))?
-4
5 + 13 + -2 + -6
10
What is the value of -6 + (-2 - -7) + 0 + -1?
-2
Evaluate -4 - -3 - (0 - 6).
5
What is the value of -5 + -4 + (-3 - (-6 + -1))?
-5
Calculate (57 - 55) + 2 + -3.
1
What is -4 + (3 - (-5 + 2 - -3))?
-1
Evaluate (0 - 1 - -5) + -4 + 5.
5
Evaluate -4 - (0 + (0 - -1)).
-5
Calculate 2 - 0 - (6 + 5 + -6).
-3
What is 6 - (-2 + (15 - (-5 - -4)))?
-8
What is the value of (1 - -6) + -16 + 10?
1
Calculate 6 + 7 + -4 - 12.
-3
What is 5 - (3 + -2) - 2?
2
-8 + 11 + -13 - -1
-9
-1 + 1 + (13 - 8) + -10
-5
4 + 4 + -5 + 14 + -6
11
What is the value of -2 - (-1 - (-2 - (2 - 4)))?
-1
Evaluate 4 + (-2 - -6) + 5 + -8.
5
Evaluate 7 + (-22 - -15) - (3 - 1).
-2
What is -4 - -3 - -3 - (1 - 0)?
1
Calculate 10 + -5 + -2 + (-11 - -6).
-2
What is -2 + (-1 + -2 - (-16 + 8))?
3
What is 14 + -13 + (0 - -4)?
5
What is 13 - (3 - -5 - 4)?
9
Calculate (7 - 14) + (1 - 2) + 4.
-4
What is the value of (0 - -3) + -2 + (-9 - -3)